
Let f be (-2 - -1 - 1)/((-10)/15). Suppose 0 = 3*r - 3*s - 33 + 12, -f*s + 29 = 2*r. Calculate the greatest common factor of r and 25.
5
Suppose -931 = -57*h + 266. What is the greatest common factor of 1176 and h?
21
Let m(t) be the third derivative of -t**6/120 + 13*t**5/60 - 3*t**4/8 + 17*t**2. Let v be m(12). Calculate the highest common factor of v and 90.
18
Let c(x) = -23*x + 17*x + 7*x + 29. Let l be c(9). Calculate the highest common factor of l and 76.
38
Suppose 21 = -5*f - 4. Let a be f/2*(2 - 6). What is the greatest common factor of 15 and a?
5
Suppose -59*i = -192 - 1395 - 1245. Let l(z) = -z**2 + z + 6. Let c be l(0). Calculate the highest common factor of i and c.
6
Let y be (-6 + 7 - 1/3)*3. Let o be (-2)/8 - 778/(-8). Let x be o + y*(-3 + 4). What is the greatest common factor of 11 and x?
11
Let p be (1/(2/120))/((-10)/15). Let v be (18/15)/(0 - 3/p). What is the greatest common factor of v and 9?
9
Suppose 1 = -2*j - 5. Let r be (j/(-9))/(2/42). Let f(b) = -b**3 + 6*b**2 + 7*b + 2. Let w be f(r). What is the highest common factor of 22 and w?
2
Let y(c) = -c**3 - 13*c**2 - 23*c - 28. Let n be y(-14). What is the greatest common factor of n and 70?
70
Let k = 2460 + -2388. Let g = -21 + 29. What is the greatest common factor of g and k?
8
Suppose 0 = -5*d - 2*p + 6*p + 50, -d - 5*p + 39 = 0. Let v = 135 + -37. What is the greatest common divisor of v and d?
14
Suppose 7*r - 5*r + 2*t - 30 = 0, 10 = 2*r - 3*t. What is the highest common factor of 99 and r?
11
Suppose 0 = 3*i + 3*l - 33 - 30, -4*i + 76 = 2*l. Calculate the greatest common divisor of i and 85.
17
Let g(a) = 11*a**2 + 65*a + 23. Let h(s) = -7*s**2 - 43*s - 15. Let r(v) = 5*g(v) + 8*h(v). Let c be r(-18). What is the highest common divisor of c and 117?
13
Let j be 7/(-2) + 2 - 50/(-20). Suppose 0 = -4*l + 4*q + 1 + 31, 4*q = 0. Calculate the greatest common divisor of l and j.
1
Let f be 606/14 - 6/21. Let l(s) = -1 + s - f*s**3 + 44*s**3 + 7*s**2 - 2*s**2. Let h be l(-4). Calculate the highest common factor of 77 and h.
11
Suppose 97 = 3*l + 1. Let o = -3900 + 4060. Calculate the highest common factor of l and o.
32
Suppose 4*p + w + 4*w + 12 = 0, -4*p + 2*w + 16 = 0. Suppose 0 = -p*q + 3*q - 11. Calculate the greatest common factor of q and 11.
11
Let d be 0/((-6)/3) + 6. Let o(n) = 3*n**2 - 4 - 2*n**2 - 5*n + n. Let c be o(d). Calculate the highest common divisor of 32 and c.
8
Let m = 932 + -635. Calculate the greatest common divisor of m and 396.
99
Let j(i) = 6*i - 23. Let v be j(5). Suppose -h = 3*t, -16 = 2*h - v*h + t. What is the highest common factor of h and 12?
3
Suppose 4*f - 6*w = -11*w + 1760, -3*f = -5*w - 1320. What is the highest common factor of 40 and f?
40
Let o = 43 - 43. Suppose 4*y = -3*m + 211, 3*y - 62 = -m - o*m. What is the highest common factor of 22 and m?
11
Let p(j) = 24*j**2 - 14*j + 15. Let a be p(6). What is the greatest common factor of 15 and a?
15
Suppose 67 = -3*k + 211. Let v be (-88)/110*(-30)/(-4). Let u be 2/1*v*-1. Calculate the highest common divisor of u and k.
12
Let w(n) = -2 - 4*n + 3*n**2 - 2*n + 2*n. Let a be w(4). Let f be (-3 + 2)*-1 - (-70)/5. What is the highest common factor of a and f?
15
Let s = -26 + 61. Let b(c) = -c - 9. Let q be b(-9). Suppose -4*f = -4*j - q*j - 36, -3*f = 3*j - 15. What is the highest common factor of s and f?
7
Let x = 0 - -4. Suppose 28 + 116 = x*r. Suppose 4*c = -0*c + r. What is the highest common factor of 3 and c?
3
Let q be (-17)/(17/(-14)) - 2. What is the greatest common factor of q and 192?
12
Suppose -2*d - 4*t = -302, -t - 298 = -2*d - 4*t. What is the greatest common divisor of d and 13?
13
Let x be (-830)/(-15) - (-4)/6. Let b = 2 - -3. Suppose 0*u - u - 3 = 2*k, -4*u - b*k = -3. What is the highest common divisor of u and x?
7
Suppose 0 = 4*f + 13 - 29. Let u(y) = 32*y + 260. Let i be u(-7). Calculate the greatest common factor of f and i.
4
Suppose -3*o + 22 = 2*r, 16*o - 3*r = 11*o + 24. What is the highest common factor of 46 and o?
2
Let i(p) = -12*p - 27. Let w be i(-16). Suppose -5*n + w = 4*r, n = -n + 10. What is the highest common factor of 7 and r?
7
Let t(b) = -4*b - 7. Let l(n) = -7*n - 13. Let z(u) = -6*l(u) + 11*t(u). Let y be z(-2). What is the greatest common divisor of y and 10?
5
Suppose -4*v = -2*v - 8. Suppose -v*z + 36 = 3*b, -z = -4*b + 7*b - 18. Let d be (-3380)/(-70) - 2/7. Calculate the greatest common divisor of d and z.
6
Suppose -26*t + 258 = -21*t - 3*n, -2*t - 5*n = -128. Calculate the highest common divisor of t and 918.
54
Suppose u = -0*u + 17. Suppose -3*j - 4*d + 365 = 0, -4*d - 103 = 4*j - 587. Calculate the greatest common factor of u and j.
17
Let w(p) = -p - 2. Suppose -3*m - 5*o = 51, 27 = -3*m + 5*o - 24. Let c be w(m). Let x be (-4)/(-3) + 10/c. Calculate the greatest common divisor of x and 8.
2
Suppose -4*q + 5*j = -232, q + j - 75 = -2*j. What is the highest common divisor of q and 18?
9
Let m be 13/((-65)/(-3590)) + -2 + -4. What is the highest common divisor of 8 and m?
8
Let r be -7 + 4 - -2 - -66. Calculate the greatest common factor of 10 and r.
5
Let o = 398 - -2139. What is the greatest common factor of o and 86?
43
Let v be (1188/(-45))/((-2)/10). What is the greatest common factor of v and 99?
33
Let r = -6 - -8. Let i be -6*4*(r - (-26)/(-8)). Calculate the highest common divisor of 12 and i.
6
Let m = -22 - -153. Suppose -7*z + 4*a + 76 = -3*z, 5*z = -4*a + m. Let c = -10 + 33. Calculate the highest common divisor of c and z.
23
Let t be 5/10 - 861/(-6). Let r be 8*24/320*(-30)/(-2). What is the highest common divisor of t and r?
9
Let d be 1 + (-20)/(-4) + 1. Suppose -85 = -s - 22. What is the greatest common factor of s and d?
7
Suppose 4*z + 3 = 7*z, 6*i = 2*z + 292. Calculate the highest common factor of 7 and i.
7
Suppose 2*a - 20 = -f + 31, a - 99 = -2*f. Suppose 4*t + k - 50 = -11, f = 4*t - k. Calculate the highest common divisor of 99 and t.
11
Let k be 6/21 + 99/21. Suppose -4*f - 133 = -k*f. Suppose -21 = 3*j - 78. Calculate the greatest common divisor of f and j.
19
Suppose 11*x + 67 = 2*g + 12*x, -15 = 5*x. What is the highest common divisor of 245 and g?
35
Suppose h = 2*x + 5, 4*x - 4 = -0. Calculate the greatest common factor of 7 and h.
7
Suppose -14 - 6 = -4*d. Suppose 0 = -d*p - 25, 3*a + 2*a - 3*p = 10170. Let g be a/15 + (-2)/5. What is the greatest common divisor of 15 and g?
15
Suppose 0 = -6*g + 493 + 347. Calculate the highest common divisor of g and 320.
20
Let c(j) = -22*j + 2. Let z be c(-2). What is the greatest common divisor of z and 322?
46
Suppose 0 = 5*v + 2*r - 4, 4*v - 19 = 2*r - 5. Let d = -31 - -71. Suppose d = v*j + 3*j. Calculate the highest common factor of j and 1.
1
Let z = 85 + -1. What is the greatest common divisor of 28 and z?
28
Suppose 63*v - 4530 = -246. Calculate the greatest common factor of 697 and v.
17
Suppose -28*l = -29*l + 108. What is the greatest common divisor of l and 594?
54
Suppose -5*l = 5*i - 40, 0 = -l + 4*l - i - 12. Suppose -34 = -2*j + j + l*v, 5*j - 230 = -5*v. Calculate the greatest common factor of j and 110.
22
Let u = 233 - 161. Calculate the greatest common factor of u and 27.
9
Let p be 265/5 - (-4 + 1). What is the highest common divisor of 8 and p?
8
Suppose -4*g = -7*g - 5*s + 31, g = s + 21. Let b(p) = -p - 25. Let x be b(-14). Let n = g - x. Calculate the greatest common factor of n and 4.
4
Let c be (2 - 30/9)*-3. Suppose 2*v = 8 + c. Let k = -2010 + 2040. What is the highest common factor of v and k?
6
Let x(c) = 7*c**3 - 9*c**2 + 14*c + 10. Let v be x(3). Calculate the greatest common divisor of v and 40.
40
Suppose -r + 30 = 3*j - 33, -4*j = -3*r + 189. What is the highest common factor of 45 and r?
9
Suppose -9*k - 125 = -14*k. Suppose -r + k = -4*u, 0*r + 5*u = 2*r - 47. Calculate the greatest common factor of 63 and r.
21
Let o(l) = 6 + l**2 - 2*l - 2*l - 3*l. Let r be o(7). What is the greatest common factor of r and 2?
2
Let s(u) be the third derivative of 2*u**5/5 - u**4/24 + 9*u**2. Let k be s(-1). Let w = k + -20. Calculate the greatest common factor of 5 and w.
5
Suppose 2*v - 120 = v - 3*g, -4*v + 3*g + 480 = 0. Calculate the greatest common factor of v and 90.
30
Suppose 105 = 3*n + 3*x, 0 = 13*n - 14*n - 4*x 